 = 2*c**2 + 10*c - 10. Let p be (-13)/(-4) + (-2)/8. Let k(z) = -5*z**2 - 20*z + 21. Let w(n) = p*k(n) + 7*f(n). List the prime factors of w(9).
2
Let q(j) = -12 + 12 + 61*j. List the prime factors of q(1).
61
Let i(b) = -b + 3. Let y be i(-7). Suppose 2*r = -5*w - y, -5*w + 5*r + 1 = 11. What are the prime factors of (4/(-10))/(w/40)?
2
Let z be (-4)/(1/(-21)*-3). Let x = z - -3. Let h = -10 - x. List the prime factors of h.
3, 5
Suppose 0 = -5*i - 2*w - 11, -3*w - 3 = -9. Let b be (507/4)/(i/12). What are the prime factors of (-3)/9 - b/9?
2, 7
Let p(j) = 14*j**2 + 3*j - 71. What are the prime factors of p(-9)?
2, 7, 37
List the prime factors of ((-15)/4)/((-32)/6016).
3, 5, 47
Suppose 122 = 2*c + y, -3*c = y - 125 - 58. Let v = 218 - c. List the prime factors of v.
157
Let w = -27 - 26. Let z = w - -94. List the prime factors of z.
41
Let l(t) = -4 - 11*t + 6*t + 19*t - 56*t. What are the prime factors of l(-2)?
2, 5
List the prime factors of (32 + -1)/(((-196)/518)/(-14)).
31, 37
Let i = -19 - 65. Let k = i - -97. List the prime factors of k.
13
Let a(w) = w**3 + 2*w**2 + 1. Let o be a(-2). Suppose d + o + 5 = 0. What are the prime factors of d/(-18) + 70/6?
2, 3
Let t(f) = 54*f - 96. What are the prime factors of t(10)?
2, 3, 37
Suppose -2*o - 2*j = 2*o - 8270, 5*o - j - 10348 = 0. What are the prime factors of o?
2069
Suppose n + 379 = -8*z + 5301, 5*z = 5*n - 24655. List the prime factors of n.
2, 5, 17, 29
Suppose -2*j - 6 = 0, 5*i - j - 12 = 3*j. Let m be (-24 - -3) + (0 - i). Let h = -19 - m. What are the prime factors of h?
2
Let q(d) = d - 1. Let m(t) = -t**2 + 15*t - 7. Let w(v) = m(v) - 2*q(v). Let r = -217 - -228. List the prime factors of w(r).
17
Let z(w) be the third derivative of w**5/10 + 4*w**3/3 + 29*w**2. List the prime factors of z(-6).
2, 7
Let k(t) = -t**2 + 14*t - 2. Let c be 2/(-6) - (-114)/18. Let w(g) = g**2 - 15*g + 1. Let o(r) = c*k(r) + 5*w(r). List the prime factors of o(7).
7
Let a = -1 + -7. List the prime factors of ((-6)/9)/(a/828).
3, 23
Let s(a) = 3*a**3 + 2*a**2 - a + 3. Let u be s(-4). Suppose -535*g = -536*g + 12. What are the prime factors of -4*(u/g)/1?
3, 17
Let q(z) = z**3 - z**2 + 2. Suppose -6 = 3*w + 15. Let t = w - -7. What are the prime factors of q(t)?
2
Let d = -145 - -769. List the prime factors of d.
2, 3, 13
Let k(d) be the third derivative of -d**4/4 - d**3/3 - 37*d**2. What are the prime factors of k(-7)?
2, 5
Suppose 9*i - 8 - 10 = 0. Suppose i = x - 0. List the prime factors of x.
2
Let w(q) be the first derivative of q**3/3 - 5*q**2/2 - q - 2. Let t be w(6). What are the prime factors of 27/t - (-6)/10?
2, 3
Let w = 6 - -80. Suppose -5*x + w + 189 = 0. List the prime factors of x.
5, 11
Suppose 2*s + 3*q + 14 = -2*q, 26 = -3*s - 5*q. Let v = 95 - 74. Let i = v + s. What are the prime factors of i?
3
Suppose x + 22 = 3*x. Let q = 5 + x. List the prime factors of (-302)/(-18) - q/(-72).
17
Let c = -47 + 849. List the prime factors of c.
2, 401
Suppose -19 - 146 = 5*l. Let f = 34 - l. List the prime factors of f.
67
Let g be 0 + -3 - -4 - -299. Suppose -3*n - g = -4*d, d - 75 = 7*n - 2*n. List the prime factors of d.
3, 5
Let p = -901 + 2529. What are the prime factors of p?
2, 11, 37
Suppose -3*v - 64 = -11*v. Suppose -p + 2 = 3, -3*p - v = -h. List the prime factors of h.
5
Let o be 1/((12/3)/(-24)). Let h(n) = n**3 + 5*n**2 - 14*n + 3. Let z be h(o). Suppose -z = -l - 17. List the prime factors of l.
2, 17
Let b(q) be the first derivative of q**2 + 12*q - 13. List the prime factors of b(-4).
2
Suppose 3*g - 5*j - 180 = -2*g, -4*g - 2*j + 168 = 0. What are the prime factors of (g/25)/(3/(-5) - -1)?
2
Let w(n) = -n**2 - 6*n - 2. Let o be w(-5). Suppose 0 = -73*k + 58*k + 45. Suppose 0 = -o*z + k*g + 12 + 12, -2*g + 20 = 4*z. What are the prime factors of z?
2, 3
Suppose -5*v + v = 3*j - 14, -j = 5*v - 12. Suppose j*b - 68 = -8. Suppose -5*q + 3*x - x = -b, -q - 4*x = 16. List the prime factors of q.
2
Let z = 34 + -34. List the prime factors of ((-3 - -25) + z)*1.
2, 11
Let p(g) = 2*g - 10. Let j be p(14). Let y = 58 - j. What are the prime factors of y?
2, 5
Suppose -4*h + 6972 = 4*a, 4*h - 3*a - 3760 = 3212. What are the prime factors of h?
3, 7, 83
Suppose -5 - 1 = -2*k. Suppose -2*h + 2*d + 3*d = 11, -5*h = k*d - 19. Suppose -5*z - 7*y = -2*y + 5, 0 = h*z + 3*y + 5. List the prime factors of z.
2
Let r = -1433 - -3141. What are the prime factors of r?
2, 7, 61
Let w(l) = -13*l + 15. Let x be w(-7). Suppose 2*f - g = x, -5*f - 4*g + 134 + 105 = 0. What are the prime factors of f?
3, 17
Let f = 29 - 26. List the prime factors of (-4 - (-9)/f) + 72.
71
Let q = -3589 + 6356. What are the prime factors of q?
2767
Let a(m) = 167*m**2 - 3*m - 4. Let v be a(2). Suppose 0 = 7*i - 0*i - v. List the prime factors of i.
2, 47
Suppose 0 = -0*a + 5*a + 4*i + 79, -73 = 3*a - 4*i. Let w = a + 145. What are the prime factors of w?
2, 3, 7
Suppose 2*x - 3796 = -3*r, -2*r + 1204 = -2*x - 1320. What are the prime factors of r?
2, 79
Let l(p) = 2*p. Let c be l(-3). Suppose -6*s - 12 = -4*s. What are the prime factors of (c/(-2))/3 - s?
7
Suppose -10*d = 100 + 100. What are the prime factors of 3/12*-2*d?
2, 5
Let c(y) = 178*y**2 + 3*y + 1. What are the prime factors of c(-2)?
7, 101
Let m(t) = -t**3 - 16*t**2 + 17*t. Let i be m(-17). Suppose -j - 5 = 0, 3*x + 2*j - 263 = -i*j. List the prime factors of x.
7, 13
What are the prime factors of 4/((-24)/(-1865)) - 3/(-18)?
311
Let a(u) = 4*u**2 - 2*u + 1. Let v(z) = -z**2 - 2*z + 1. Let h be v(-2). Suppose h = 3*b - 8. What are the prime factors of a(b)?
31
Let w = 798 - -2111. List the prime factors of w.
2909
Suppose -5*o - 4*x + 2211 - 416 = 0, 4*o - 4*x = 1436. What are the prime factors of o?
359
Let l(t) be the first derivative of -t**3/3 - 2*t**2 + t + 3. Let g be l(-5). List the prime factors of 19 - (-1 - g)/(-1).
2, 11
Let d be (-1714)/(-10) - (-14)/(-35). Suppose 2*m - 169 = -5*a, -3*m = 3*a + 2*a - d. Let h = -18 + a. What are the prime factors of h?
3, 5
Let b(f) = 1 + 3*f + 5*f - 5*f**2 + 6*f**3 - f - 2*f**3. What are the prime factors of b(3)?
5, 17
Let z = 22 + -46. Let k = z - -38. List the prime factors of k.
2, 7
Suppose -2*n + 9 = -5*v, -2*n + 3*v = 4*v - 3. List the prime factors of n*(8 - (4 - 4)).
2
List the prime factors of (-14716)/(-39) - 2/6.
13, 29
Suppose -4*l - 9 = 19. What are the prime factors of (1700/(-119))/(2/l)?
2, 5
Let p = 1865 - 403. List the prime factors of p.
2, 17, 43
Let b(i) = -7*i + 1. Let j be b(1). Let d be 2 - 0/(-2) - (-46 - -46). What are the prime factors of (-3)/(d/(8/j))?
2
Suppose -4*a = c - 52, -252 = -c - 3*c - 5*a. Suppose -2*u - j + c = 0, -2*u + 100 = u + 2*j. Suppose -124 = -4*w + u. What are the prime factors of w?
2, 5
Let p(b) = -b - 5. Let c be p(9). Let l be (-35)/c - (-2)/(-4). What are the prime factors of 23/2 + (-3)/l?
2, 5
Let k(a) = 10*a**2 - 3*a. Let q be k(-4). What are the prime factors of (2*1 + 42/(-28))*q?
2, 43
Let r(o) = 5*o**3 - 7*o**2 - o + 7. Let h be (1/(-5))/((-13)/195). List the prime factors of r(h).
2, 19
Let d be 6*4*(-4)/(-32). Let o(r) = 21*r**2 - 6*r + 8. What are the prime factors of o(d)?
179
Suppose 3*b - 6155 = -2*b - r, -2*r = -4*b + 4938. List the prime factors of b.
2, 7, 11
Let j(w) = -14*w**2 - 3*w + 1. Let x be j(-3). Suppose 0 = -35*f + 40*f - 40. List the prime factors of x/(-16) - (-6)/f.
2
Let i = 67 - 47. Let j be ((-24)/i)/(2/(-75)). Let r = j - 31. What are the prime factors of r?
2, 7
Let h be (-1 + -5)*(-2)/4. Suppose 12 = h*q - 267. What are the prime factors of q?
3, 31
Let b = -6 - -10. Suppose 4*v + t - 122 = 0, 5*t - 1 = 9. Suppose -v = -b*r + 22. List the prime factors of r.
13
Suppose -3*x + 3 + 3 = 0. Suppose 0*c = x*c - 4. Suppose f = -c*f + 78. What are the prime factors of f?
2, 13
Suppose 14*v - 10*v - 12 = 0. Suppose -v*l + 479 + 79 = 0. What are the prime factors of l?
2, 3, 31
Let s(i) = -i + 17. Let h be s(14). Suppose -5*l + h*l = -100. List the prime factors of 630/l + 4/10.
13
Let x be 18/(-135) - (-212)/15. List the prime factors of x/21*(-567)/(-6).
3, 7
Let v = -93 + 127. Let g = 74 - v. What are the prime factors of g?
2, 5
Let c(a) = 3*a + 6. Let y be c(-4). Let t be -3*(10/y + 1). Suppose -t*f + 4*f - 57 = k, -4*k -